 is the units digit of x?
7
Suppose 0 = 2*r + 3*n - 1047 - 365, -8 = -4*n. What is the tens digit of r?
0
Suppose 35*d + 5616 = 51*d. What is the hundreds digit of d?
3
Let w be 11/4 + (-3)/4. Suppose 3*v - v = -n + 3, -6 = -w*n + 4*v. What is the units digit of n?
3
What is the hundreds digit of (-4)/(-9) - 112336/(-126)?
8
Let p be (-20)/(-9) - (-2)/(-9). Suppose -3*g + 2*l = -p - 0, 8 = -2*l. Let x = g - -5. What is the units digit of x?
3
Suppose 2*j + j = 0. Suppose -k + 3 + 0 = j. Suppose 0*q = -k*q + 24. What is the units digit of q?
8
Let g = -153 + 143. What is the hundreds digit of (-489)/(-4) + g/40?
1
Suppose 0 = -7*v + 8*v - 28. Suppose 3*g = -3, 0 = c - 5*g - v - 2. What is the units digit of c?
5
Suppose -266*d + 4401 = -263*d. What is the tens digit of d?
6
Suppose -3*b = -492 + 39. What is the tens digit of b?
5
Let g(z) = -18*z**3 - 2*z**2 - 8*z - 5. What is the units digit of g(-2)?
7
Let y(z) = -z**3 - 14*z**2 + 9*z + 58. What is the units digit of y(-16)?
6
Suppose -3*m - 1090 = 728. What is the units digit of (5/10)/((-3)/m)?
1
Let h(a) = 7*a**2 + 33*a. What is the hundreds digit of h(9)?
8
Let g be ((-2)/(-6))/(3/(-81)) - -4. What is the units digit of 10/((g - -7) + (-6)/4)?
0
Suppose 5*z - 364 - 730 = -3*w, 0 = -5*z + w + 1082. Suppose 3*y + 5*l - 241 = 0, -4*y + z + 107 = 4*l. What is the tens digit of y?
8
Let x(d) = -2*d + 2. Suppose 2*i - 13 - 11 = 0. Let n = i + -16. What is the tens digit of x(n)?
1
Suppose 5*a = 3*q + 2459, 7*a = 4*a - 4*q + 1458. What is the tens digit of a?
9
Let x(l) = l**3 - 6*l**2 + 5*l - 4. Let j(y) = -y + 10. Let g be j(5). Let h be x(g). What is the units digit of (3/(-1))/(2/h)?
6
What is the thousands digit of 10/40*7996 - 9?
1
Suppose 6*y - 19 = 5. Suppose -h - y*h + 653 = -p, -2*p = -4*h + 526. What is the tens digit of h?
3
Let x = 48 + -39. Suppose x = 2*u + u, 0 = -4*p + 3*u + 131. What is the units digit of p?
5
Suppose -3*k - 4*m = -8*m + 427, 5*m + 155 = -k. Let v = k + 208. What is the units digit of v?
3
Let q = 30 - 12. Suppose q*s - 12*s - 1068 = 0. What is the hundreds digit of s?
1
Suppose j + 54 = -j. Let y(b) = 9*b - 308. Let q be y(28). Let d = j - q. What is the units digit of d?
9
Suppose -2*h + 247 = -h. Suppose 0*t - a = 3*t - h, 3*a = 4*t - 312. What is the units digit of t?
1
Suppose 0 = -4*d + 1344 + 2144. What is the units digit of d?
2
Let i(a) = a**2 + 4*a - 2. Let r be i(-5). Let w(s) = s**3 - 4*s**2 + 3*s + 2. Let u be w(r). Suppose 0*l + u*l = 20. What is the tens digit of l?
1
Let o = 5113 + -3456. What is the tens digit of o?
5
What is the tens digit of 4/10 - 137928/(-105)?
1
Let r be (-23460)/(-140) - 3/(-7). Suppose -r = -4*y + 2*y. What is the units digit of y?
4
Suppose 0 = 5*d + 730 + 95. Let m = 445 + d. What is the hundreds digit of m?
2
Let a = -58 + 51. What is the tens digit of 2/a*(7 - 56)?
1
Suppose -5*o = -4*o - 3. Let g be -2*(-1 + o/(-6)). What is the units digit of (39/9 + -3)*g?
4
Let k = 9 + 18. What is the units digit of (-191)/(-3) - (-9)/k?
4
Let d = 10636 + -4968. What is the tens digit of d?
6
Let q be (12/(-8))/((-2)/92). Let o(i) = i**3 + i**2 - i + 116. Let y be o(0). Let n = y - q. What is the units digit of n?
7
Let v(m) = m**3 + 2*m**2 - 3*m + 1. Let z be v(-3). Let q be -12 + 14 - 2*z. Suppose 0 = 3*d + 4*s - 70, -d - 5*s + 8 + 8 = q. What is the tens digit of d?
2
Suppose 16*s - 14*s + 5474 = 2*b, -5*b = -2*s - 13679. What is the tens digit of b?
3
Let u = -2 - -5. Suppose 2*t - 74 = u*j, -6*j = -3*t - j + 112. Suppose 3*c + 4 = t. What is the units digit of c?
0
Suppose -9*o + 20*o = 110. What is the tens digit of (3/18*44)/(o/15)?
1
Let i(o) = -5*o - 12. Let s be i(-6). Let k = -9 + s. Suppose 0*g - g + k = 0. What is the units digit of g?
9
What is the tens digit of (0/(-2) - -617)*(-22 - -26)?
6
Let h(o) = o**3 + 8*o**2 - 10. Suppose 0 = 6*c - 3*c - q + 13, 4*q = -8. What is the tens digit of h(c)?
6
Let n(m) = m + 17. Let a(d) = 2*d - 7. Let h be a(6). What is the tens digit of n(h)?
2
Let a(c) = c**2 + 5*c - 6. Let r(d) = -3*d**2 - 16*d + 18. Let n(p) = -8*a(p) - 3*r(p). Let v be n(-9). What is the units digit of (0 - v) + (-5)/(-1)?
2
Let o = -24 + 28. Suppose o*j + 50 = 9*j. What is the units digit of j?
0
Suppose f = 3*q + 3, 0*q = -4*q + 2*f - 4. Let x = q - 2. What is the units digit of 1/((2 + x)/(-6))?
6
What is the tens digit of (1/(-3))/((-1)/12)*13?
5
Suppose 10 = 2*h, -t = -4*t - 2*h + 700. Let o = 435 - t. What is the hundreds digit of o?
2
Let a(b) = -b**2 - 15*b - 30. Let w be a(-7). Suppose 2*n = -3*i + 12, 5*i = -4*n + 8*n - 2. Suppose n*m - w = m. What is the units digit of m?
3
Let t(b) = 5*b**3 - 2*b**2 + 22*b - 7. What is the tens digit of t(7)?
6
Let y = -11 + 34. Suppose 3*k - 80 = -y. What is the units digit of k?
9
Suppose 2*g = 4*o - 7340, 3*o + 3*g = 7*o - 7336. What is the units digit of o?
7
Suppose 0 = y - 3*o - 3, -1 = -2*y + o. Let k = 1 - y. Let m(z) = 23*z. What is the units digit of m(k)?
3
Let u(w) = 48*w**3 - 5*w**2 - 5*w + 6. What is the tens digit of u(3)?
4
Let r(s) = -s**3 + 23*s**2 + 3*s + 53. What is the hundreds digit of r(16)?
8
Suppose n + 50 = -5*p, -p = 5*n + 321 - 119. Let q = n - -72. What is the tens digit of q?
3
Let d be (36/(-8))/((-6)/944). Suppose d = -8*g + 12*g. What is the units digit of g?
7
Let s be 10/(-4)*(-48)/30. Suppose d = s*d - 12. Suppose 2*w = -z + 43, 3*w - 4*w + 26 = -d*z. What is the tens digit of w?
2
Let b(d) = 26*d**2 + 35*d + 12. What is the hundreds digit of b(-8)?
3
Let d = -3888 - -5570. What is the units digit of d?
2
What is the hundreds digit of (-932)/(30/(-12)*(-8)/(-10))?
4
What is the units digit of (-759528)/(-162) - (-4)/(-9)?
8
Suppose -4*l - 5008 = -4*h, 3*h - 2*l = -0*h + 3752. Suppose -8*m - 4*m + h = 0. What is the hundreds digit of m?
1
Suppose 5*w + 333 = 2*p - 456, -4*p + 1591 = 3*w. Suppose l + p = 4*t, 0 = 5*t + 6*l - l - 515. What is the units digit of t?
0
What is the hundreds digit of (-80000)/(-17) - (-14)/119?
7
Let o(r) = -r**3 + 11*r**2 - 6*r + 2178. What is the hundreds digit of o(0)?
1
Suppose -13*p - 3*p + 5728 = 0. What is the hundreds digit of p?
3
Let z = 30 - 28. What is the units digit of 91/z - 22/(-44)?
6
Let o = -131 + 224. Suppose o = 4*j - j. What is the tens digit of j?
3
Let u = -657 - -168. Let p = 736 + u. What is the units digit of p?
7
Let f = -793 - -2377. What is the hundreds digit of f?
5
Let l = 49 + -39. Suppose -1656 = -l*c + c. What is the hundreds digit of c?
1
Let a be 1/2*-2*15. Let l = -10 - a. Suppose -4*c = 5*u - 90, -16 = -c - l*u + 14. What is the tens digit of c?
2
Let p(q) = -11*q**3 - 13*q**2 - 11*q - 5. What is the hundreds digit of p(-4)?
5
Let b = -18 - -11. Let i(m) = -4*m**3 + 4*m**2 + 5*m + 2. Let r(q) = 6*q**3 - 6*q**2 - 7*q - 3. Let o(y) = b*i(y) - 5*r(y). What is the units digit of o(-2)?
5
Let w = 72 + -40. Suppose 0 = -d + 2*d - w. What is the tens digit of d?
3
Suppose 5*f = 17 + 13. Suppose 508 = 8*d - f*d. What is the hundreds digit of d?
2
Let o(q) = 5*q. Let c be o(-1). Let s(y) be the second derivative of y**4/12 - 3*y**2/2 + 20*y. What is the tens digit of s(c)?
2
Suppose -41*d + 42*d - 147 = -5*m, m = 2*d + 25. What is the units digit of m?
9
What is the units digit of (-454)/(10 + (-2408)/238)?
9
Suppose -4*q - 5*t + 3868 = -9*t, 5*t + 2901 = 3*q. Suppose -8*h + 3351 = q. What is the tens digit of h?
9
Let k(z) = z**2 - z + 30. Let a(l) = l**2 - 2*l. Let w be a(2). Suppose 0 = 4*o - w*o. What is the units digit of k(o)?
0
Let t be (203 - 1)/(-6 + 8). Let x = 132 + t. What is the hundreds digit of x?
2
Let r = -19 + 19. Suppose 4*y - 92 = 4*a, r*a - 96 = -4*y + 2*a. What is the units digit of y?
5
Let u be ((-2)/3)/((-1)/3). Let q be (268/402)/(0 - 2/3). What is the units digit of -9*q/2*u?
9
Suppose 0 = -9*p + 63 + 18. Suppose 7*s = p*s - 430. What is the hundreds digit of s?
2
Let a(k) be the third derivative of 11*k**5/5 - k**4/24 + k**3/6 + 12*k**2. What is the units digit of a(1)?
2
Suppose -5*i - 1 = 2*j, j - 2*j + 4*i = -19. Let d(b) = -b**3 + 10*b**2 - 11*b + 10. What is the tens digit of d(j)?
8
Let q be 7 + 55 + (-1 - 0)*-2. Suppose -4*w + 16 = -0*o + o, -4*o + 4*w + q = 0. What is the tens digit of o?
1
Suppose -3*i + 2 = -2*i. Suppose 3*w + 1